{"id":9,"date":"2025-03-09T20:40:45","date_gmt":"2025-03-09T19:40:45","guid":{"rendered":"https:\/\/3dhomeservice.com\/?page_id=9"},"modified":"2026-02-14T13:09:24","modified_gmt":"2026-02-14T12:09:24","slug":"3d-home-service","status":"publish","type":"page","link":"https:\/\/3dhomeservice.com\/","title":{"rendered":"SD HOME TRAVAUX"},"content":{"rendered":"\n<p class=\"has-text-align-center\">3D HOME SERVICE<\/p>\n\n\n\n<div class=\"wp-block-group alignfull has-accent-background-color has-background is-nowrap is-layout-flex wp-container-core-group-is-layout-b5abd03e wp-block-group-is-layout-flex\" style=\"margin-top:0;margin-bottom:0;padding-top:var(--wp--preset--spacing--50);padding-right:var(--wp--preset--spacing--50);padding-bottom:var(--wp--preset--spacing--50);padding-left:var(--wp--preset--spacing--50)\">\n<div class=\"wp-block-columns alignwide is-layout-flex wp-container-core-columns-is-layout-1da03c2a wp-block-columns-is-layout-flex\">\n<div class=\"wp-block-column is-vertically-aligned-stretch is-layout-flow wp-block-column-is-layout-flow\" style=\"flex-basis:50%\">\n<div class=\"wp-block-group is-vertical is-content-justification-stretch is-layout-flex wp-container-core-group-is-layout-444d5ee8 wp-block-group-is-layout-flex\" style=\"min-height:100%\">\n<p class=\"has-heading-font-family has-x-large-font-size\" style=\"line-height:1.2\">Vos travaux de r\u00e9novation :<\/p>\n\n\n\n<p class=\"has-heading-font-family has-x-large-font-size\" style=\"line-height:1.2\">Electricit\u00e9<br><\/p>\n\n\n\n<p class=\"has-heading-font-family has-x-large-font-size\" style=\"line-height:1.2\">Am\u00e9nagements ext\u00e9rieurs :<br>Murets, all\u00e9e, terrasse, terrain de p\u00e9tanque<\/p>\n\n\n\n<p class=\"has-heading-font-family has-x-large-font-size\" style=\"line-height:1.2\"><br>Am\u00e9nagements int\u00e9rieurs :<\/p>\n\n\n\n<p class=\"has-heading-font-family has-x-large-font-size\" style=\"line-height:1.2\">Cuisine, salle de bains, bureaux<br><br>Pour nous contacter : sdhometravaux@3dhomeservice.com<\/p>\n\n\n\n<figure class=\"wp-block-image size-full is-resized\"><img loading=\"lazy\" decoding=\"async\" width=\"512\" height=\"512\" src=\"http:\/\/3dhomeservice.com\/wp-content\/uploads\/2025\/03\/cropped-Logo-engine.png\" alt=\"\" class=\"wp-image-7\" style=\"width:587px;height:auto\" srcset=\"https:\/\/3dhomeservice.com\/wp-content\/uploads\/2025\/03\/cropped-Logo-engine.png 512w, https:\/\/3dhomeservice.com\/wp-content\/uploads\/2025\/03\/cropped-Logo-engine-300x300.png 300w, https:\/\/3dhomeservice.com\/wp-content\/uploads\/2025\/03\/cropped-Logo-engine-150x150.png 150w\" sizes=\"auto, (max-width: 512px) 100vw, 512px\" \/><\/figure>\n\n\n\n<p><\/p>\n<\/div>\n<\/div>\n\n\n\n<div class=\"wp-block-column is-vertically-aligned-center is-layout-flow wp-block-column-is-layout-flow\" style=\"flex-basis:50%\">\n<figure class=\"wp-block-image size-large is-style-rounded is-style-rounded--1\"><img loading=\"lazy\" decoding=\"async\" width=\"1024\" height=\"768\" src=\"https:\/\/3dhomeservice.com\/wp-content\/uploads\/2026\/02\/2026-01-10-7-1024x768.jpg\" alt=\"\" class=\"wp-image-24\" style=\"aspect-ratio:3\/4;object-fit:cover\" srcset=\"https:\/\/3dhomeservice.com\/wp-content\/uploads\/2026\/02\/2026-01-10-7-1024x768.jpg 1024w, https:\/\/3dhomeservice.com\/wp-content\/uploads\/2026\/02\/2026-01-10-7-300x225.jpg 300w, https:\/\/3dhomeservice.com\/wp-content\/uploads\/2026\/02\/2026-01-10-7-768x576.jpg 768w, https:\/\/3dhomeservice.com\/wp-content\/uploads\/2026\/02\/2026-01-10-7.jpg 1360w\" sizes=\"auto, (max-width: 1024px) 100vw, 1024px\" \/><\/figure>\n<\/div>\n<\/div>\n<\/div>\n","protected":false},"excerpt":{"rendered":"<p>3D HOME SERVICE Vos travaux de r\u00e9novation : Electricit\u00e9 Am\u00e9nagements ext\u00e9rieurs :Murets, all\u00e9e, terrasse, terrain de p\u00e9tanque Am\u00e9nagements int\u00e9rieurs : Cuisine, salle de bains, bureaux Pour nous contacter : sdhometravaux@3dhomeservice.com<\/p>\n","protected":false},"author":1,"featured_media":0,"parent":0,"menu_order":0,"comment_status":"closed","ping_status":"closed","template":"","meta":{"footnotes":""},"class_list":["post-9","page","type-page","status-publish","hentry"],"_links":{"self":[{"href":"https:\/\/3dhomeservice.com\/index.php\/wp-json\/wp\/v2\/pages\/9","targetHints":{"allow":["GET"]}}],"collection":[{"href":"https:\/\/3dhomeservice.com\/index.php\/wp-json\/wp\/v2\/pages"}],"about":[{"href":"https:\/\/3dhomeservice.com\/index.php\/wp-json\/wp\/v2\/types\/page"}],"author":[{"embeddable":true,"href":"https:\/\/3dhomeservice.com\/index.php\/wp-json\/wp\/v2\/users\/1"}],"replies":[{"embeddable":true,"href":"https:\/\/3dhomeservice.com\/index.php\/wp-json\/wp\/v2\/comments?post=9"}],"version-history":[{"count":3,"href":"https:\/\/3dhomeservice.com\/index.php\/wp-json\/wp\/v2\/pages\/9\/revisions"}],"predecessor-version":[{"id":26,"href":"https:\/\/3dhomeservice.com\/index.php\/wp-json\/wp\/v2\/pages\/9\/revisions\/26"}],"wp:attachment":[{"href":"https:\/\/3dhomeservice.com\/index.php\/wp-json\/wp\/v2\/media?parent=9"}],"curies":[{"name":"wp","href":"https:\/\/api.w.org\/{rel}","templated":true}]}}